composite number?
False
Is 5721 a prime number?
False
Is 3946 prime?
False
Is 25079 a composite number?
True
Is 1453501 a composite number?
True
Is 22993 a composite number?
False
Is 124417 a composite number?
True
Is 1784635 a prime number?
False
Is 108443 a prime number?
False
Is 73991 composite?
True
Is 153469 composite?
False
Is 94373 composite?
True
Is 674867 a composite number?
False
Is 157033 a composite number?
True
Is 115057 prime?
True
Is 341911 composite?
False
Is 5507 a composite number?
False
Is 6098 a prime number?
False
Is 807869 prime?
True
Is 113443 a prime number?
False
Is 2479 a composite number?
True
Is 97327 prime?
True
Is 8929 prime?
True
Is 3743 a composite number?
True
Is 199851 prime?
False
Is 264531 a prime number?
False
Is 125869 a composite number?
True
Is 921703 prime?
True
Is 41879 composite?
False
Is 20143 a prime number?
True
Is 18661 a composite number?
False
Is 96893 a prime number?
True
Is 1254763 a prime number?
False
Is 1031623 a composite number?
False
Is 501251 a prime number?
False
Is 44159 composite?
False
Is 21251 prime?
False
Is 21694 prime?
False
Is 44483 a composite number?
False
Is 9601 composite?
False
Is 44483 a composite number?
False
Is 32107 a composite number?
True
Is 175709 composite?
False
Is 47933 prime?
True
Is 123829 composite?
False
Is 221633 prime?
False
Is 26081 composite?
True
Is 31197 a prime number?
False
Is 5437 a composite number?
False
Is 34583 composite?
False
Is 18647 a composite number?
True
Is 60353 composite?
False
Is 40871 a composite number?
True
Is 555287 a composite number?
False
Is 22513 prime?
False
Is 55799 composite?
False
Is 1740581 composite?
False
Is 18646 composite?
True
Is 176647 prime?
False
Is 298283 composite?
False
Is 20465 a prime number?
False
Is 72715 prime?
False
Is 1104731 composite?
False
Is 447401 prime?
True
Is 1126787 a prime number?
True
Is 414011 a composite number?
True
Is 8263 a prime number?
True
Is 19369 a composite number?
True
Is 546361 composite?
False
Is 36717 composite?
True
Is 48803 composite?
True
Is 28901 prime?
True
Is 657779 a composite number?
False
Is 6719 a prime number?
True
Is 10771 prime?
True
Is 22955 a composite number?
True
Is 45929 prime?
False
Is 111235 composite?
True
Is 15659 a composite number?
True
Is 118623 a composite number?
True
Is 1913113 prime?
False
Is 282661 composite?
False
Is 161591 composite?
False
Is 341195 a prime number?
False
Is 128449 composite?
False
Is 24441 prime?
False
Is 2673857 prime?
True
Is 35201 a composite number?
False
Is 752023 composite?
False
Is 4403338 prime?
False
Is 25429 a composite number?
True
Is 14699 a prime number?
True
Is 12439 composite?
True
Is 67741 a prime number?
True
Is 87593 a prime number?
False
Is 88639 a composite number?
True
Is 367355 prime?
False
Is 112321 composite?
True
Is 5261 a prime number?
True
Is 12791 prime?
True
Is 2873734 a prime number?
False
Is 534283 a prime number?
True
Is 16009 prime?
False
Is 74631 composite?
True
Is 8882 a prime number?
False
Is 1216889 a prime number?
False
Is 68573 prime?
False
Is 368939 prime?
True
Is 127543 a prime number?
False
Is 975097 a prime number?
False
Is 66169 a composite number?
False
Is 254083 prime?
True
Is 3793 a prime number?
True
Is 12439 a composite number?
True
Is 1420031 a prime number?
True
Is 14197 composite?
False
Is 205963 prime?
True
Is 14047 prime?
False
Is 11861 a composite number?
True
Is 1917809 a prime number?
False
Is 689573 composite?
True
Is 2453 a composite number?
True
Is 29831 a prime number?
False
Is 5399 a prime number?
True
Is 126173 a composite number?
False
Is 2497405 prime?
False
Is 917729 composite?
False
Is 1686457 a composite number?
True
Is 9791 composite?
False
Is 22577 composite?
True
Is 111409 a prime number?
True
Is 35935 composite?
True
Is 29459 composite?
True
Is 8209 a composite number?
False
Is 11149 prime?
True
Is 33119 a prime number?
True
Is 38091 a prime number?
False
Is 911 composite?
False
Is 367427 prime?
True
Is 152021 prime?
False
Is 1420147 a prime number?
False
Is 266113 composite?
True
Is 72763 a composite number?
False
Is 581507 a composite number?
True
Is 2729 a prime number?
True
Is 38669 a composite number?
False
Is 75431 a prime number?
True
Is 22633 a prime number?
False
Is 503 a composite number?
False
Is 11365 composite?
True
Is 3109 a composite number?
False
Is 115693 a composite number?
False
Is 3491 composite?
False
Is 136553 a composite number?
True
Is 24019 composite?
False
Is 10805 a prime number?
False
Is 54941 a prime number?
True
Is 6445 prime?
False
Is 3119 prime?
True
Is 32127 prime?
False
Is 1285247 prime?
True
Is 11177 prime?
True
Is 20467 a prime number?
False
Is 2155 prime?
False
Is 13477 a composite number?
False
Is 15601 prime?
True
Is 20813 prime?
False
Is 103081 a prime number?
False
Is 18923 prime?
False
Is 160841 a prime number?
True
Is 3899153 composite?
False
Is 20777 prime?
False
Is 1365099 prime?
False
Is 250577 composite?
True
Is 16357 a prime number?
False
Is 67597 a prime number?
False
Is 1471457 a prime number?
False
Is 14281 composite?
False
Is 162407 composite?
True
Is 166319 prime?
True
Is 192893 a prime number?
False
Is 2684257 prime?
True
Is 62609 prime?
False
Is 43349 a prime number?
False
Is 12443 prime?
False
Is 569659 a prime number?
True
Is 244231 a prime number?
False
Is 7355 composite?
True
Is 135131 prime?
True
Is 1410833 composite?
False
Is 287701 prime?
True
Is 12071 a composite number?
False
Is 381167 composite?
False
Is 1248001 prime?
True
Is 1847 a prime number?
True
Is 90971 a composite number?
False
Is 49363 a composite number?
False
Is 2063 composite?
False
Is 2729 composite?
False
Is 256729 composite?
True
Is 18553 composite?
False
Is 4327 a composite number?
False
Is 20429 a prime number?
False
Is 2524489 prime?
False
Is 82711 composite?
True
Is 372787 composite?
True
Is 530693 a prime number?
True
Is 627479 prime?
True
Is 10645 composite?
True
Is 21635 a prime number?
False
Is 136757 composite?
True
Is 230449 prime?
True
Is 1270471 composite?
False
Is 84259 prime?
False
Is 1108459 a composite number?
True
Is 36291 a prime number?
False
Is 1414229 a composite number?
True
Is 110711 prime?
True
Is 289981 composite?
True
Is 123343 prime?
False
Is 128827 a composite number?
True
Is 58501 composite?
True
Is 749 prime?
False
Is 1462589 a prime number?
True
Is 3074767 a prime number?
False
Is 388757 a composite number?
False
Is 6719 composite?
False
Is 140297 a composite number?
False
Is 6629 a prime number?
False
Is 976931 a prime number?
False
Is 3955961 a prime number?
False
Is 15601 a prime number?
True
Is 94762 a prime number?
False
Is 1618 a composite number?
True
Is 32987 a composite number?
False
Is 1143371 a composite number?
False
Is 348901 prime?
False
Is 161338 a composite number?
True
Is 5903 prime?
True
Is 195949 a prime number?
False
Is 100591 prime?
True
Is 9661 prime?
True
Is 16319 a prime number?
True
Is 10781 composite?
False
Is 76801 a prime number?
True
Is 1591874 composite?
True
Is 120977 prime?
True
Is 40343 a composite number?
False
Is 24394 composite?
True
Is 76181 prime?
False
Is 32183 composite?
False
Is 2055769 a prime number?
True
Is 17539 prime?
True
Is 663763 a prime number?
True
Is 128717 prime?
True
Is 85939 prime?
False
Is 116867 a prime number?
True
Is 230081 a prime number?
True
Is 8473 a composite number?
True
Is 27239 composite?
False
Is 18217 a composite number?
False
Is 12893 prime?
True
Is 60859 composite?
False
Is 6109 composite?
True
Is 510187 composite?
True
Is 728391 a composite number?
True
Is 231277 a prime number?
True
Is 253871 prime?
True
Is 5401603 composite?
False
Is 108835 a prime number?
False
Is 43447 a prime number?
False
Is 199 prime?
True
Is 51839 a composite number?
False
Is 291286 prime?
False
Is 335789 prime?
False
Is 8467 prime?
True
Is 44569 a composite number?
True
Is 311237 prime?
True
Is 15791 a composite number?
False
Is 8497 a composite number?
True
Is 227887 composite?
True
Is 382 composite?
True
Is 45159 a prime number?
False
Is 10217 a prime number?
False
Is 607361 composite?
True
Is 3715 prime?
False
Is 496283 composite?
False
Is 132337 a prime number?
False
Is 71933 composite?
False
Is 29567 composite?
False
Is 41773 a composite number?